l) = -l**2 + 6*l + 4. Let b be q(3). Let c = 1 + b. Suppose -p = -2*p + c. What is the tens digit of p?
1
Suppose 4*m = 10 - 2. Suppose -o + 0*r - 2*r = -54, -4*o + 194 = -3*r. Suppose m*y + 3*b - o = 4*b, 8 = -2*b. What is the tens digit of y?
2
What is the units digit of ((-597)/(-2))/(43/4 + -10)?
8
Suppose -3*v + 5 = -1. What is the tens digit of ((-78)/(-18))/(v/6)?
1
Let t be 1*16 - (5 + -2). Suppose w - 4*v = 18, -2*w + 59 = 2*v + t. Suppose -3*j = 4 - 1, -w = -m + 3*j. What is the tens digit of m?
1
Let n be (4 + -2)*6/3. Suppose -n*j + 284 = w + 3*w, -w = 2*j - 68. What is the tens digit of w?
7
Suppose -4*n - 5*w + 43 = 0, -w = -3*n - 5*w + 33. Suppose 0 = n*v - 12*v + 125. What is the units digit of v?
5
Let q = -1 - 11. Let g = 17 + q. Suppose 0 = -u - g, -5*r + 2*r - 4*u = 11. What is the units digit of r?
3
Let v = 0 + 114. What is the units digit of v?
4
Let d(h) = -8*h**2 - 4*h + 7. Let y be d(-4). Let v be -2 + (y - 3)/(-4). Suppose -3*m + v = x, -4*x + 9*x + 5 = -2*m. What is the units digit of m?
0
Let n(h) = h**2 + 5*h - 3. Let y be n(-6). Suppose -q - 238 = -y*g, 0*q - 2*q - 152 = -2*g. What is the tens digit of g?
8
Suppose -23*m + 1924 = -19*m. What is the units digit of m?
1
Let z(w) = w**3 + 12*w**2 + 13*w + 24. Let k be z(-11). What is the tens digit of 3534/31*k/6?
3
Let v be 3/(20/(-8) - -4). Let y = v + 91. What is the tens digit of y?
9
Let t(a) = a**2 + 2*a - 2. Let c(n) = 6*n - 16. Let q(u) = 2*u - 5. Let y(b) = 3*c(b) - 10*q(b). Let m(x) = 4*t(x) + 5*y(x). What is the tens digit of m(3)?
3
Suppose 6086 = 3*i - 1519. What is the tens digit of i?
3
Suppose 3*f + 44 = 4*k - 3*k, 4*f - 2*k = -56. What is the hundreds digit of 168/f*(-12 - 2)?
1
Suppose -2*f = -2*i + 6*i - 12, 0 = 3*i. Suppose f = z - 1. What is the tens digit of 4/(-14) - (-142)/z?
2
What is the units digit of (-2742)/9*1*18/(-12)?
7
Suppose -3848 = -57*t + 44*t. What is the units digit of t?
6
Let m be (332/6)/((-4)/6). Let d = -32 - m. What is the units digit of d?
1
Let l = -10 - -22. Suppose -4*v + 0*g = -3*g - 12, -5*v - 5*g + 15 = 0. Suppose -v*r + l = -0*r. What is the units digit of r?
4
Let u(d) = 3*d**2 + 6*d + 11. Suppose -13 = 7*y + 15. What is the tens digit of u(y)?
3
Suppose -338*v - 2280 = -344*v. What is the tens digit of v?
8
Suppose 0 = -3*r + 1182 + 1113. Let b be (4/(-8))/((-3)/(-6)). What is the units digit of r/27 + b/3?
8
Suppose -4*g + 0*k + 5908 = 4*k, 2950 = 2*g - 2*k. What is the thousands digit of g?
1
Let u(r) = 115*r**3 + r**2 - 2*r + 1. What is the tens digit of u(2)?
2
Suppose 4*u + 14 = 11*u. What is the tens digit of ((-168)/(-20))/(u/10)?
4
Let j(y) = 2*y**2 + 9*y - 145. What is the tens digit of j(-28)?
7
What is the units digit of (-2246)/(-14) - (-40)/70?
1
Let j(h) = -h**3 - h + 3. Let i be j(0). Let v(l) = 2*l**3 - 2*l**2 + 7. What is the units digit of v(i)?
3
What is the tens digit of ((-2292)/(-16))/(12/64)?
6
Let x(m) = -64*m**3 - 2*m**2 - 3*m + 3. What is the hundreds digit of x(-2)?
5
Suppose -227*k = -226*k - 4984. What is the units digit of k?
4
Let g(h) = -3*h + 2. Let r be g(4). Let p = r + 24. What is the units digit of (-23 + p)/(1/(-3))?
7
Let d = -16 + 10. Let f(l) = -6*l - l**2 + 587 - 293 - 292. What is the units digit of f(d)?
2
Let b(l) = 56*l - 91. What is the units digit of b(31)?
5
Let u(x) = -x**3 + 4*x**2 + 8. Let m be u(4). Suppose y + y = -m. What is the tens digit of (y + 3)*-10 - 0?
1
Let o be -1*(2 + -4 - 1). Suppose o*u - 140 = 2*t, u = -0*u + 2*t + 44. What is the units digit of u?
8
Suppose 5*s - 6580 = -5*w + 2*w, -s = w - 1318. What is the hundreds digit of s?
3
Let x = -123 + 78. What is the units digit of (-122)/(-36)*38 + (-10)/x?
9
Let p(u) be the first derivative of 11*u**2 + 12*u - 8. What is the units digit of p(3)?
8
Let t = 140 - 104. Let n = 0 + -1. Let d = t - n. What is the units digit of d?
7
Let b = -53 + 63. Suppose q - 17 - b = 0. What is the tens digit of q?
2
Suppose 0 = 2*k + 5*k + 21. Let s = k - -63. What is the units digit of s?
0
Suppose -q + 6 = -5*c + 1, -5*q + 1 = -c. Suppose -4*d = -4 - q. What is the units digit of d?
1
Let t be (2 + 3)*10/25. Let q be t + (1 - 2)*37. What is the units digit of (-2400)/q + (-8)/14?
8
Let p(n) = -n**2 - 8*n - 6. Let c be p(-3). Suppose -5*z - 5*q + 45 = 0, -3*z = -4*z - 4*q + c. What is the units digit of z?
9
Suppose 3*i - 6 = -0*i. Let d(f) = 5*f**2 + 2*f + 2. What is the tens digit of d(i)?
2
Suppose 4*t - 9 = a, 0*t - 1 = -2*t - 3*a. Suppose -3*d - 28 = -t*d. Let f = d + 48. What is the tens digit of f?
2
Suppose -3*l + 13*w = 11*w - 1868, -5*w = -5*l + 3115. What is the hundreds digit of l?
6
Let l(o) = -18*o - 15. Let w be l(-6). Suppose w = 3*m - 135. What is the units digit of m?
6
Let i = 4449 + -2585. What is the hundreds digit of i?
8
What is the tens digit of (4/(-6))/(10/(-4995))?
3
Suppose -635 - 877 = -d. Let f be ((-4)/6)/((-9)/d). Suppose 4*q = 60 + f. What is the units digit of q?
3
Suppose 3*a - 5*u = 5938, 13*a - 5948 = 10*a - 5*u. What is the thousands digit of a?
1
What is the units digit of 26841/138*(0 + 2)?
9
Let j = 40 - 75. Let s = 19 - j. What is the tens digit of s?
5
Suppose -2*w - 2*w = 2*z - 3814, -5*z + 1927 = 2*w. What is the tens digit of w?
5
What is the tens digit of 52/10*(-24 - -134)?
7
Let m(j) = j**3 + 3*j**2 + 4*j + 3. Let r be m(-2). What is the units digit of 3 - (4 - 4)/r?
3
Let j = 2253 - 1508. What is the hundreds digit of j?
7
Let q(i) = i**2 + 21*i + 22. Let m be (4 + -3 - 4)*7. What is the units digit of q(m)?
2
Let c = 1641 + -954. What is the tens digit of c?
8
Let p(t) = 5*t**2 + 16*t - 78. What is the hundreds digit of p(-11)?
3
Let y be (2 + 0)*3278/(-11). What is the hundreds digit of (y/(-1 - -3))/(-3 + 1)?
1
Suppose 89*f = 93*f - 4572. What is the tens digit of f?
4
Let c be (2*2)/((-24)/(-18)). Let a be c + 9/(-3) + 5. Suppose 2*b = a*u - 3*u + 70, 0 = 2*b - u - 67. What is the tens digit of b?
3
Suppose -p = r + 87, -2*r + 98 = -2*p - 80. Let s = p - -139. What is the tens digit of s?
5
Suppose -3*g + 0*g - 198 = 2*d, g + 311 = -3*d. Let s = 11 - d. What is the tens digit of s?
1
Let z be (-9 - -1)/(-4)*1. What is the hundreds digit of (-19589)/(-133) + z/(-7)?
1
Let q = -49 - -67. What is the tens digit of (q/(-7))/(27/(-630))?
6
What is the hundreds digit of 1/((2 + 0)/(-3 + 1657))?
8
Let p(a) = -a**3 + 6*a**2 - 4. Let b be p(6). What is the tens digit of (-210)/b - (-3)/6?
5
Let t = 4 + -4. Let o be (15/6 + -3)*t. Suppose 3*u - 111 = -3*d, u + o = 5*d + 7. What is the units digit of u?
2
Let d = 18 + -9. What is the units digit of (-8)/(-36) - (-367)/d?
1
Suppose 0 = 4*g - 2*g - 4. Suppose g*r + 8 = -3*a, -3*r + 4*a + 6 = -r. What is the tens digit of -1*20*r + -3?
1
Suppose 7*s - 3652 = -4*s. Suppose 9*v = 5*v + s. What is the tens digit of v?
8
Let c be (-6)/15 + (-167)/(-5) + -5. Suppose 24 = j - c. What is the tens digit of j?
5
Let n = 97 + -93. Suppose 4*z = -z, 4*z = -n*r + 600. What is the hundreds digit of r?
1
Let v = -281 + 723. What is the tens digit of v?
4
Let o be (15/4)/(15/40). What is the units digit of (-4)/80*-4 + 598/o?
0
Let v(d) = d**2 + 7*d - 5. Let q be v(-8). Let m(n) = n**2 - 4*n - 3. Let p be m(6). Suppose q*a - 3 = 0, 0 = o - a - 6 - p. What is the tens digit of o?
1
Let i(c) = c**2 - 14*c - 9. Let n be i(29). Suppose -a = -5*a + m + n, -4*a - 3*m = -434. What is the units digit of a?
7
Suppose -a + 3 = -3*m, 3*a + 0*m - 2*m = 2. Suppose 5*v - 70 - 155 = a. Suppose 4*g = 35 + v. What is the units digit of g?
0
Let c(g) = g**3 + g**2 - 6*g + 2. Suppose -11 = 2*m - q, 0 = -m - 2*m - 5*q + 16. Let b be c(m). What is the units digit of 6/(4*b/12)?
9
Suppose -4 = 5*r + 2*c, 3*r - 2*r - 5*c = 10. Suppose 4*o = 20, r = 3*j + 5*o - 40 - 39. What is the units digit of j?
8
What is the units digit of (-8 - -4) + 648/1?
4
Let g = 17 + -23. Let z = -1 + g. Let j(w) = -w**3 - 6*w**2 + 5*w + 10. What is the units digit of j(z)?
4
Let w = 19 - 40. Let p be -2*w/6 - -1. What is the units digit of -4*4/p - -10?
8
Suppose y - 3 = 1. Suppose -461 - 67 = -y*g. Let h = -93 + g. What is the tens digit of h?
3
Let x(d) be the third derivative of d**4/6 + 7*d**3/3 - 17*d**2. What is the units digit of x(11)?
8
Let j(r) be the third derivative o